Let g be 0 + (-3)/6*-2. What is the highest common divisor of g and f?
1
Let x(y) = 2 - 10*y - 23 - 11. Let t be (-10 + 1)*28/42. Let h be x(t). Calculate the highest common factor of h and 7.
7
Suppose 0 = 3*y - 8*y + 3*f - 15, -3*y = -2*f + 10. Suppose 0*h - 232 = -3*h + 4*q, h - 3*q - 79 = y. What is the greatest common factor of h and 76?
76
Let t(r) = r**3 + 4*r**2 + 2*r - 3. Suppose -6*o - 38 - 28 = 0. Let i = 14 + o. Let b be t(i). What is the greatest common factor of 44 and b?
22
Let u be ((-9)/6)/1*(-3 - 3). Suppose -b + 5*o + 41 + 1 = 0, -o = 5*b - 106. Suppose -10*j = -82 + b. Calculate the highest common factor of u and j.
3
Let c(y) = 8*y**2 - 122*y + 7. Let b be c(25). What is the highest common divisor of 103 and b?
103
Let j(o) = o**2 + 8*o + 12. Let w be j(-14). Suppose w = 4*d + 2*m, d - 2*m = 16 + 18. Let a = 36 + d. Calculate the highest common divisor of a and 31.
31
Let w = -1263 - -1309. What is the greatest common factor of w and 69?
23
Let x(p) = -301*p + 21885. Let a be x(-159). What is the highest common divisor of 48 and a?
48
Let j = 40 + -14. Let v = -10 + j. Suppose 2*c - 40 = v. What is the highest common divisor of 224 and c?
28
Suppose -2*k - 3*a + 152 = -2*a, 0 = -4*k + a + 298. Let m = -1307 + 1243. Let f = m + k. What is the greatest common factor of f and 55?
11
Let k = 56 + -62. Let w(m) = -m**3 - 6*m**2 + 2. Let t be w(k). Let y be (-3)/t*1968/(-36). What is the highest common divisor of 41 and y?
41
Let l = 6 + 0. Let w be (7 - -6029)/(-6) + -2 + -1. Let n = 1021 + w. Calculate the highest common divisor of l and n.
6
Let k be (-1170)/(-2)*(2 + 5 + 20). What is the highest common divisor of 45 and k?
45
Suppose d - 551 = -4*d - 301. What is the greatest common factor of 8 and d?
2
Suppose 0 = -5*n - u - 75 + 322, -2*u = 6. Suppose 21*x - 23*x = b - 244, 8*b = 3*x - 423. What is the highest common divisor of n and x?
25
Let g(v) = -55*v - 1969. Let d be g(-37). Calculate the greatest common factor of 1023 and d.
33
Let k(z) = -z**3 - 25*z**2 + 25*z - 2. Let d be k(-26). Let b be 3 + 139 + (-6)/(-3). Suppose b = 3*t + t. What is the highest common divisor of d and t?
12
Let x(r) = 4*r + 2. Let c be x(2). Suppose 25*b - 520 = 21*b + 4*i, 5*i - 160 = -b. Let g = -120 + b. What is the greatest common factor of c and g?
5
Let f be (-6)/45*3 + 119050/125. Suppose 0 = -3*x + d + 1438, 0 = 3*x - 5*x + 4*d + f. What is the greatest common factor of 60 and x?
60
Suppose -3*v - 81 + 714 = 0. Let l = v + -85. Let f(d) = -d**3 + d**2 - d. Let u be f(-2). What is the greatest common divisor of l and u?
14
Let s(u) = 4*u - 137. Let h be s(35). Suppose -39 = -3*l + h*g + 51, 0 = g + 4. Calculate the highest common divisor of 169 and l.
13
Suppose 6*h = 11*h - 5, h - 1 = -5*p. Suppose 0 = 2*l - 20 + 8. Let v be (-1 + p)*l/15*-65. Calculate the greatest common divisor of 39 and v.
13
Suppose -11*t = -5*t - 528. Let r(c) = -6 - 1 + 5 - 2*c + 4*c. Let f be r(5). Calculate the highest common factor of f and t.
8
Let z = 15 + -9. Suppose -3*u + 420 = z*t - 3*t, -4*u + 540 = -t. What is the highest common divisor of u and 17?
17
Suppose -5*o = h - 1028, 8*h - 3*o = 7*h + 996. What is the greatest common factor of 30 and h?
6
Suppose 2*i - 730 = -2*u, -2*u + i + 1035 = 320. Calculate the highest common factor of 660 and u.
60
Let a(z) = -2*z**2 + 17*z + 272. Let u be a(15). What is the highest common factor of 3157 and u?
77
Let o = 439 - 110. Let z = o - 173. Suppose 3*g = p - z, -4*g - 596 = -4*p + g. What is the highest common factor of 9 and p?
9
Let w be (-45)/(-1*(3 + (-64)/24)). What is the greatest common factor of 480 and w?
15
Let y(u) = -40*u - 71. Let f be y(-5). Suppose f = 5*r + 59. Suppose 0*z = 3*c - 4*z - 210, 4*c - 4*z - 280 = 0. What is the highest common divisor of r and c?
14
Let h = -60 - -58. Let x be (8/(-14))/(h/(-42)*-2). Let k = 71 - 41. Calculate the greatest common divisor of x and k.
6
Let t be (-1)/(-2) + 1729/14. Calculate the highest common factor of t and 12.
4
Let h be 60/40 - 265/(-10). Calculate the greatest common divisor of 448 and h.
28
Suppose -4*v = -12, 1071*v - 1066*v = -5*w + 45. What is the highest common divisor of w and 2874?
6
Suppose -65*v = 140*v - 63*v - 6532. Calculate the highest common divisor of 2829 and v.
23
Suppose -15*n + 19183 + 108 = -17039. Calculate the highest common divisor of n and 322.
14
Let v be ((-98)/(-8) - 157/628) + 4 + 0. Calculate the highest common factor of 13232 and v.
16
Let f = 239 - 222. Suppose 0 = -2*v - 2*l + 322, -f*v + 18*v - l - 167 = 0. Calculate the greatest common divisor of v and 205.
41
Suppose 2*r = 3*u - 214, -3*u + 35*r + 249 = 38*r. What is the greatest common factor of 4237 and u?
19
Let t(v) = -v**2 - 12*v - 8. Let o be t(-8). Let g be (o/(-15))/(-1 + 8/10). Suppose 3*m - 16 = g. Calculate the greatest common divisor of 8 and m.
8
Suppose 7*f - 9153 + 6759 = 0. What is the highest common factor of f and 190?
38
Suppose -4*u - 1 = -89. Let x(s) = -4*s + 89. Let n be x(u). What is the highest common factor of n and 8?
1
Let o(f) = -570*f + 3504. Let r be o(6). What is the greatest common divisor of 1491 and r?
21
Let g(d) = 11*d**2 + 9*d + 5. Let y be g(-1). Suppose 0 = -3*r - y*r + 990. What is the highest common factor of 132 and r?
33
Suppose 245 - 46 = 5*l + k, -12 = -3*k. Suppose -l*m - 1935 = -54*m. Calculate the highest common factor of 172 and m.
43
Suppose 0*t - 3*t = -4*t. Suppose t = -4*v - 2*l + 124, 75*v - l - 93 = 72*v. Calculate the greatest common divisor of 1798 and v.
31
Suppose 31*v = 5*m + 33*v + 4369, 6 = 2*v. Let s = m + 1595. Calculate the greatest common divisor of 45 and s.
45
Let n be (-2)/13 - (-810)/195. Suppose 14*p = n*p + 180. What is the greatest common factor of 12 and p?
6
Suppose 2*r - 3*l = 266, -4*r + 2*l + 528 = -2*l. Suppose 4*x + 2*w = r + 100, x - 30 = 5*w. Calculate the highest common divisor of x and 495.
55
Suppose 4 = 15*l - 13*l + 2*j, -3*l + 3*j + 30 = 0. What is the highest common factor of 159 and l?
3
Let p(n) = -n**2 + n + 1. Let l be p(0). Let r be (-10)/(4 + -6*l). Suppose -2*t + 22 = 3*z + z, 5*t = -r. Calculate the greatest common divisor of z and 42.
6
Let f = -7888 - -8421. What is the highest common divisor of f and 41?
41
Suppose -18 = 4*q - 2*b, 0*q - 3*b - 22 = q. Let v(i) = -3*i - 12. Let o be v(q). Let j be 36/10*(-35)/(-14). Calculate the greatest common factor of o and j.
9
Suppose -4*y - 9821 = -3*i, 5*y = -263*i + 262*i + 3242. What is the greatest common divisor of i and 27?
27
Let r(t) be the second derivative of -t**5/20 + 7*t**4/12 - t**2/2 + 11*t. Let m be r(3). Calculate the highest common factor of 385 and m.
35
Suppose 108 = 10*a - a. Suppose 156 = -y + 14*y. Calculate the greatest common factor of y and a.
12
Let f = -10395 + 15741. Calculate the highest common factor of f and 44.
22
Suppose -52*z + 120*z = 455328. Calculate the greatest common factor of z and 432.
216
Let s(k) = -222*k + 59. Let m be s(0). What is the greatest common divisor of 2183 and m?
59
Let t(z) = -2*z**2 - z - 1. Let q = 70 - 73. Let m be t(q). Let n be (-32)/m*((-15)/(-2))/1. What is the highest common divisor of n and 75?
15
Let y = 6650 + -6640. Calculate the greatest common factor of 4855 and y.
5
Suppose 0 = k + 50 - 79. Suppose -k + 2 = -3*r. Calculate the highest common divisor of 9 and r.
9
Suppose 23*b = 18*b + 40. Let s = 53 - b. What is the highest common divisor of s and 30?
15
Let c(d) = -11*d**3 + d**2 + d. Let y be c(-1). Let g = -74 - 7. Let k = g + 125. What is the greatest common divisor of k and y?
11
Let u(j) = -2*j**2 - 14*j - 4. Let x be u(-6). Let q(g) = -g + 9. Let c be q(x). Let r = c - -27. Calculate the highest common factor of 112 and r.
28
Let c(k) = -k**3 + 33*k**2 - 85*k + 59. Let f be c(10). Calculate the greatest common divisor of f and 6.
3
Let i be (-24)/(-60) + (-615)/(-25). Suppose -i*t + 21*t + 116 = 0. What is the greatest common factor of t and 667?
29
Suppose 0 = -89*q + 94*q - 85. Suppose 0 = 16*j - q*j + 2. Calculate the highest common factor of j and 2.
2
Suppose 4*i - 16 = 3*b - 122, 4 = -i. Suppose -4*k + 2 = -2*x - 16, 5*k - b = -5*x. Let z = 11 - -9. Calculate the highest common divisor of z and k.
5
Suppose 0 = -49*m + 7*m + 312 